-31 - -38. Suppose -132 = 4*p - h*p. What is the units digit of p?
4
Suppose -29*b = -23328 + 4072. What is the hundreds digit of b?
6
Let t = -4 - -4. Suppose t = 3*z - 4 - 71. Suppose 20 = j - 3*d + d, z = 3*j + d. What is the units digit of j?
0
Let b be -135 + (3 + -4 - -4). What is the tens digit of (1/1)/((-2)/b)?
6
Let s be 3/(9/(-6))*-443. What is the hundreds digit of 30/70 - s/(-7)?
1
Let t(v) = -3*v + 9 + 2*v + 1. Let b be t(10). Suppose -5*i - 214 + 529 = b. What is the units digit of i?
3
Let x = 9 - 6. Suppose x*v - v = -312. What is the units digit of v/12*2*-1?
6
Suppose 10*a - 12*a = -80. Suppose 12 = s - a. What is the units digit of s?
2
Let h = 1 + 8. Let l(a) = -a**2 + 10*a - 7. Let v be l(h). Suppose 0 = -3*d - v*q + q + 16, 0 = -2*d + 5*q + 22. What is the units digit of d?
6
Let i(j) = 4*j**2 - j + 21. Let w be i(-5). Let m = 169 - w. What is the units digit of m?
3
Let r be ((-16)/(-6) - 1)*(-5 + 11). Suppose 0 = -5*g + r, -390 = -4*b + 3*g + 56. What is the hundreds digit of b?
1
Let o(f) be the third derivative of 0 - 1/6*f**3 + 5*f**2 + 0*f + 1/3*f**4. What is the units digit of o(1)?
7
Let w = 6 + -1. Suppose -2*s = -w*b + 2*s - 3, 0 = -5*b + s + 3. What is the units digit of b?
1
Let f(k) = 5*k**2 - 70*k + 52. What is the units digit of f(-22)?
2
Let y be 30/12 - 2/4. Let d be (8/16)/(y/136). Suppose 3*x - 15 = 3*w, 5*x + 4*w - d = -0*x. What is the units digit of x?
6
Let p = -44 - -35. Let k(h) = -9*h + 1. What is the tens digit of k(p)?
8
Suppose 3*d - 1169 = -2*s, -3*d - 46 - 516 = -s. What is the hundreds digit of s?
5
Let l(y) = 45*y**2 + 98*y + 24. What is the tens digit of l(-7)?
4
Let y be (1 - 4)/((-16)/160). Let z be y/1 - 1/(-1). Suppose 3*w - z = 4*o, 3*w = w - 4*o + 54. What is the units digit of w?
7
Let u = -1058 - -2580. What is the tens digit of u?
2
Let d(r) = -3*r**3 + 2*r**2 + r - 3. Let u(f) = f**2 - 3*f - 3. Let y be u(3). What is the units digit of d(y)?
3
Let q be 148/6 + 2/6. Suppose q = -m + 6*m. What is the units digit of m?
5
What is the units digit of ((-3304)/(-35) - 16) + 3/5?
9
Let l(n) = n**3 - 32*n**2 + 64*n + 274. What is the hundreds digit of l(30)?
3
Let c be 54/(-135) + 2/(10/417). Let h be (-4)/(-6) - 296/(-6). Let d = c - h. What is the units digit of d?
3
Let b = -6 - -4. Let s be 3 + (6/b)/3. Suppose -5*p - 2*k = -106 - 70, 0 = s*p + k - 70. What is the tens digit of p?
3
Let y(t) = 2*t - 36. Let q be y(19). Suppose -5*g = 15, q*g = -4*u + 6*g + 24. What is the tens digit of 2*((-41)/(-2) + u)?
4
Let g(x) = -15*x**3 - x**2 - x - 1. Let f be g(-1). Let t be (-2)/(-7) - (-94)/f. Let d = t + 3. What is the units digit of d?
0
Suppose 48*o - 52*o - 592 = -x, -x + 632 = 4*o. What is the units digit of x?
2
Let y(u) = 7*u**3 + 10*u**2 + 6*u + 3. Let d(z) = -15*z**3 - 19*z**2 - 12*z - 5. Let o(q) = -6*d(q) - 13*y(q). What is the tens digit of o(-16)?
8
Suppose -4*q + 43 = -5. Let d = q - 12. Suppose d = -4*t + 4*n + n + 41, 2*t + n = 17. What is the units digit of t?
9
Suppose -m - 4*u + 8*u + 229 = 0, -3*u = -3*m + 696. What is the tens digit of m?
3
Suppose -1092 = 31*o - 33*o. What is the tens digit of o?
4
Let m be -1*(16 + 3/(-3)). Let l(q) = -3*q + 15. What is the tens digit of l(m)?
6
Suppose 3*b = h + 11, -2 = h - 2*b + 4. Let p be h - 5/(15/(-6)). What is the units digit of 11 + (-3)/p*2?
0
Let z(g) = g + 2. Let x be z(-2). Suppose 5*i - 14 - 11 = x. Suppose 4*p + 30 = 2*u, 8*p - 3*p + 55 = i*u. What is the units digit of u?
7
Suppose 5*v = 16*v - 363. What is the tens digit of v?
3
Suppose -4*d + 3 = -5. Let n be 104/28 - d/(-7). What is the tens digit of (n + 1)/(3/6)?
1
Suppose -10*t + 3155 = -1925. What is the units digit of t?
8
Suppose -5*g = 5*b - 80, 4*b - g - 8 = 3*b. What is the hundreds digit of (-1216)/(-12) + (-4)/b?
1
Let v be 30/(-50) + 37/(-5). Let x be v/(2 + -6 + 3). Let l = x + 13. What is the units digit of l?
1
What is the tens digit of ((-486)/135)/((-1)/150)?
4
Let p be 48/(-14)*(5 + -12). Let k(t) = -t**2 - t - 80. Let l be k(0). What is the tens digit of (-6 + 0)*l/p?
2
Let c be 3/2 - 77/(-22). Suppose a + 2*m = 78, -2*m + 90 = c*a - 308. What is the tens digit of a?
8
Suppose 195 = 5*b - 4*t, 0 = b - t - 0*t - 40. Suppose -5*f - 5 + b = 0. Suppose -2*g - 16 = -2*p + f, 5*p + 5*g = 105. What is the units digit of p?
6
Suppose 7 = -9*s - 2. Let m(d) = -103*d. What is the hundreds digit of m(s)?
1
Let n be 112*(24/(-36) + (-7)/(-6)). Suppose -52*q - 1020 = -n*q. What is the tens digit of q?
5
Let a(d) = 2*d**2 - d - 4. Let n be a(2). Let s(k) = -k**2 + 3*k. Let j be s(n). Suppose 4*i = 5*w + 18, -j = -5*i - 0*w - 4*w. What is the units digit of i?
2
Suppose 130 = 5*h - 5*l, 3*h - 143 + 30 = -4*l. What is the tens digit of (1/(-2))/(-1)*(13 + h)?
2
Suppose -1 + 11 = 2*b, 2*p + 4*b - 446 = 0. Let h = p + -96. What is the units digit of h?
7
Suppose -3*y - 4*m = -3172, -2*m = 2*y + 997 - 3111. What is the tens digit of y?
5
Let d = 215 + 128. What is the hundreds digit of d?
3
Let j(l) be the second derivative of 3*l**4/8 - 2*l**3 - 2*l**2 - 5*l. Let y(m) be the first derivative of j(m). What is the units digit of y(4)?
4
Let f = 23 + 50. Let k = f - -33. What is the hundreds digit of k?
1
Let t(m) = -2*m**3 + 6*m + 5*m**3 - 5 - 2*m**3 - 7*m**2. What is the tens digit of t(7)?
3
Let k(p) = -10*p**2 + 17*p + 31. Let m(a) = -3*a**2 + 6*a + 10. Let t(g) = 2*k(g) - 7*m(g). What is the units digit of t(13)?
7
Suppose 7*m - 9*m = -10. Let g be 1 + (2 - (4 - 2)). Suppose -g = m*k - 6. What is the units digit of k?
1
Let y be (0 - -8) + (2 - 15/3). Suppose -y*h + 1344 = 494. What is the units digit of h?
0
Suppose -9284 = -3*y + 8*s, -4*s - 1447 = -y + 1645. What is the units digit of y?
0
Suppose -25 = -5*n, -4*d - 7 - 3 = -2*n. Suppose -4*q = -3*q. Suppose d = j - q*j + 5, -11 = -3*z - 5*j. What is the tens digit of z?
1
Suppose 22*r - 3306 = 3*r. Let m = -50 + r. What is the tens digit of m?
2
Let z be -2 + (-146)/(-2) + -3. Suppose 0 = 2*f - 6*f + z. What is the units digit of f?
7
Suppose 5*z + 2*x - 48 = 0, 3*x - 13 = 2*z - 36. Let r be (-145)/2*8/z. What is the units digit of -5 + -3 + 4 - r?
4
Let k = 27 - 32. Let g(r) = -2*r**3 - 5*r**2 - 4*r. What is the units digit of g(k)?
5
Let j = -330 + 519. What is the hundreds digit of j?
1
Suppose 0 = 2*d - 0*d + 5*l - 276, -3*d + 428 = 4*l. Suppose 69 + d = b. What is the tens digit of b?
1
Suppose y - 1 - 7 = 0. Let f be 2 + -1*(y + 0). What is the units digit of f/4*(1 - 9)?
2
Suppose 0*x + x + 765 = 5*a, 4*a = 4*x + 628. What is the units digit of a?
2
Suppose 37*h - 35*h = -2*i + 724, i - 352 = 4*h. What is the tens digit of i?
6
Suppose 0 = 4*a - 2*a - 4*t - 446, 3*a = 5*t + 673. Let o = a + -139. What is the units digit of o?
2
Let y(o) = o**2 - 3*o - 15. Let h be y(6). Suppose 0 = -3*s - 0*s + 5*p + 108, h*s + p = 108. What is the tens digit of s?
3
Let o = 989 + -679. Suppose l + o = 6*l. What is the tens digit of l?
6
Let l = 53 - 29. Suppose -3*c - 23 = -t, c + l = 3*t - 21. What is the units digit of t?
4
Let g be 850/(-221) + (-2)/13. Let t be 0*(g + 36/8). Suppose -q + 4*v + 23 = t, -3*q - 9 + 110 = 4*v. What is the units digit of q?
1
Let l(u) = 93*u**2 + 37*u + 41. What is the tens digit of l(-5)?
8
Let b(f) = 8*f**2 - 6*f + 16. What is the units digit of b(-8)?
6
Suppose -5*r = n + 11, 0 = -0*n + 5*n + 5*r - 25. Let u(a) = -a**2 + 9*a - 1. Let w be u(6). Suppose -q + w + n = 0. What is the units digit of q?
6
Let r(u) = 2*u**2 - 12*u - 31. Let p(l) = 4*l - 52. Let x be p(12). What is the units digit of r(x)?
9
Let m = 735 + -254. What is the units digit of m?
1
Let r be ((-1 - 0) + 361)*(-4)/3. Let y = -233 - r. What is the hundreds digit of y?
2
Suppose -m - 20 = -4*w, 30 = 5*w - 4*m - 6. Suppose w*n - 108 - 136 = -5*p, 0 = -4*n - 16. What is the tens digit of p?
5
Let o(h) = 3*h - 6. Suppose 2*p = -4*t - 13 - 7, 0 = p - t + 22. Let c be -12*3/p*2. What is the units digit of o(c)?
6
Suppose -c = d + 2*d - 15, 0 = 4*c + 3*d - 15. Suppose -5*u = 0, c = -2*p + 2*u - 3*u + 62. What is the units digit of p?
1
Let z(n) be the first derivative of 12*n**2 - n - 14. Let u(a) = a. Let k be u(1). What is the units digit of z(k)?
3
Let d be ((-156)/(-16))/(6/24). Suppose -5 = -q + d. What is the 